atest common factor of p and f.
6
Let r(h) = 4*h - 28. Let x be r(8). Suppose -x*s = 2*w - 174, 4*s - 3*s - 54 = -4*w. Calculate the highest common divisor of s and 126.
42
Let i(k) = -45*k + 1002. Let z be i(20). What is the highest common factor of 12 and z?
6
Suppose -251*i + 467 = -35. Calculate the highest common factor of 37 and i.
1
Let j be 5 - -4 - (-7 + 4). Let r(u) = u**3 + 19*u**2 + 12*u + 24. Let a be r(-10). Calculate the greatest common factor of j and a.
12
Suppose 0 = -5*x - 25, -5*x = 3*b - 2*x + 9. Suppose 3*p + 148 = b*i + p, 0 = -2*i - 3*p + 128. Calculate the highest common divisor of i and 14.
14
Let y be 2 - (-4425)/66 - 45/990. What is the highest common divisor of y and 2047?
23
Let o = 496 - 496. Suppose o = 40*j + 6*j - 644. Calculate the highest common divisor of 18 and j.
2
Let s = 20 + -12. Let i(r) = r**3 - 5*r**2 + 7*r - 15. Let h(d) = 22*d + 49. Let w be h(-2). Let y be i(w). What is the greatest common divisor of s and y?
4
Let f be (74/8 + -1)*16. Let c = -5502 + 5601. What is the highest common factor of f and c?
33
Let f(o) be the second derivative of 5*o**3/2 - 275*o**2/2 + 13*o - 2. Let m be f(27). What is the highest common divisor of m and 65?
65
Let w be ((4 - 1) + (-242)/6)*(-69)/46. Let u be (-36)/(-16) - 2/8. Suppose 2*s - 173 = b, -2*b - u*b - 20 = 0. What is the highest common factor of w and s?
28
Let k(n) = n**3 - 23*n**2 + 42*n + 48. Let i be k(21). Let s be -2*6/(-7)*7. Calculate the greatest common factor of i and s.
12
Let o = -63 + 56. Let v(n) = 8*n**2 + 47*n - 15. Let w be v(o). Calculate the highest common divisor of w and 192.
48
Let m be -25*(3 + 26/(-10)). Let h be (-3)/2 + 2 + 5/m. Suppose -3*r + h*r = -5*a + 45, 5*a - 5*r = 55. Calculate the greatest common factor of a and 3.
3
Suppose 0 = -4*p + 30 + 6. Suppose -40 = -9*t + 4*t. Suppose t*o + 14 = p*o. What is the greatest common factor of o and 56?
14
Let g be (-70)/(-12) - 1 - 2/(-12). Let y be (135/25 - 5)*g. Suppose y*h + 6*o - o = 76, h + o - 41 = 0. What is the highest common factor of 301 and h?
43
Suppose 45 = -3*j + 6*j. Let p(l) be the first derivative of 40*l**3/3 + 2*l**2 - 3*l + 2. Let q be p(2). Calculate the highest common factor of q and j.
15
Suppose 0 = 86*s - 81*s - 165. Let v(b) = 19*b**2 + 6*b + 2. Let u be v(-2). Let a = u + 0. What is the highest common factor of s and a?
33
Let m(t) = 3*t**3 + 92*t**2 + 61*t + 60. Let b be m(-30). Let o(l) = 18*l**3 + l**2 - 2*l + 1. Let x be o(1). What is the greatest common divisor of b and x?
6
Suppose -2*s = -4*o - 43 + 15, -3*o = -3*s + 39. Let u = -2324 + 2480. What is the greatest common factor of s and u?
12
Suppose 4*a = 19 + 5. Calculate the greatest common factor of 115 and a.
1
Suppose -3179 = 25*o + 146. Let d = 189 + o. Calculate the greatest common factor of d and 280.
56
Let j be ((-66)/(-54) - 1) + 223935/135. What is the highest common divisor of 63 and j?
21
Suppose -199*c + 17136 = -163*c. Calculate the greatest common factor of c and 391.
17
Suppose -10*x + 8*x = -3*n + 7906, 0 = -4*n - 3*x + 10547. Calculate the greatest common divisor of n and 16.
4
Let j = 2744 - 1088. Let q = j + -1631. Let z be -1 + 0/1 - -201. What is the highest common divisor of z and q?
25
Let s = -15684 + 18087. Calculate the highest common factor of s and 216.
27
Let z be (-8)/(-3)*(-6)/(-4). Suppose 5*p + c = 159, -5*c + 0*c = z*p - 123. Suppose 1 - 321 = -20*r. What is the greatest common factor of r and p?
16
Suppose l + l - 8 = 2*v, -l - 4*v + 4 = 0. Suppose -4*r - 8 = 0, -9*r - 168 = -4*c - 13*r. What is the highest common divisor of l and c?
4
Suppose -20*u + 21*u - 15 = 0. Suppose 0 = -j + u - 2. Let b(h) = h**2 - 8*h - 38. Let l be b(j). Calculate the highest common divisor of l and 3.
3
Let h be 24 - 9*((-5)/(-6))/((-435)/(-116)). Let u(a) = -3*a**3 + 2*a**2 - 5*a - 4. Let v be u(-3). Calculate the highest common divisor of v and h.
22
Suppose -11*n = -5*n + 72. Let m be 9/n - (-455)/52. What is the greatest common divisor of 10 and m?
2
Suppose -70*z = -86*z + 432. What is the highest common factor of 189 and z?
27
Suppose 23 - 61 = 19*u. Let t(w) = -2*w + 15. Let x be t(u). Suppose 0*i + 513 = 3*i. What is the greatest common divisor of x and i?
19
Let s = -49 + 64. Let l be (-96)/(-40) + (-6)/s. Suppose 5*w + 3*i - 609 = 0, -l*i = -2*w - 0*i + 234. Calculate the greatest common factor of w and 24.
24
Let r(s) = 27*s - 51. Let l be r(1). Let m be l/((-45)/(-44)*-3 + 3). What is the highest common factor of 22 and m?
22
Let l be ((-51)/4 - 0) + (-65)/260. Let v(h) = 5*h + 80. Let m be v(l). Calculate the highest common divisor of m and 15.
15
Let l = 4539 + -4507. Let s = 32 - 20. What is the greatest common divisor of l and s?
4
Let o be 2725/100*(26 - 0 - -2). What is the highest common divisor of 545 and o?
109
Let z(h) = -h**2 + 5*h + 4. Let p be z(5). Let s be (p - (-110)/(-25)) + 43616/40. Calculate the highest common divisor of 10 and s.
10
Let g(v) = 5*v - 53. Let b be g(11). Let p be 4*((-324)/(-8) - b). Calculate the highest common factor of 88 and p.
22
Suppose 0 = 4*g + 16*g - 40. Suppose 399 = g*m + 3*n, 2*m = -0*n + 2*n + 384. Calculate the highest common divisor of 15 and m.
15
Suppose 40*r + 98*r - 510323 - 38227 = 0. Calculate the highest common divisor of 75 and r.
75
Let p be (-35)/(-10)*3668/(-49). Let r = p - -350. Calculate the greatest common divisor of 32 and r.
8
Suppose -25*u = -19*u - 96. Suppose -u = -2*d - 3*j, -4*d = -j - j - 16. Suppose -d*y + 170 = -130. Calculate the greatest common divisor of y and 45.
15
Suppose 9*v + 24 = 10*v. Let r = 42 + v. Suppose 0 = -q - 5*s + s + 3, -4*q + 2*s = -r. Calculate the greatest common factor of q and 5.
5
Suppose 75*i - 67*i = 24. Let r(o) = -3*o + 8. Let b be r(4). Let t(q) = -q - 3. Let j be t(b). Calculate the greatest common factor of i and j.
1
Suppose 3*v + 5*l = 3158, -1976 = -2*v - l + 120. Suppose -v = -5*z - 4*x, 4*z - 41 = 2*x + 801. Calculate the greatest common divisor of 30 and z.
30
Let i(x) = 688*x + 1756. Let q be i(-2). Calculate the highest common factor of 100 and q.
20
Suppose 5*s = 15 + 10. Suppose 4*z - f + 2*f - 4 = 0, 2*f - 5 = -s*z. Suppose 25*n = 21*n + 36. What is the highest common factor of z and n?
1
Let u = 6 + 52. Suppose 4*d + 2*j = u, -5*j - 31 - 20 = -4*d. Calculate the greatest common factor of d and 154.
14
Let d = -5042 + 5043. Let j(m) be the second derivative of -m**3/6 + 4*m**2 - 3*m. Let s be j(7). Calculate the highest common divisor of d and s.
1
Let q be (-1 - -4)*(-14 + (-141928)/(-24)). Calculate the greatest common divisor of 11 and q.
11
Let b = -1 - -29. Let s be 97*(6/8)/(6/(-24)). Let g = s - -319. Calculate the highest common divisor of b and g.
28
Let u = -1090 + 1438. What is the greatest common factor of 783 and u?
87
Suppose -5*r = -2*g + 675, -1992 = -5*g + 4*r - 313. Calculate the greatest common divisor of g and 9715.
335
Let w be (-30)/42*(13 + -6)*-5. What is the greatest common divisor of 245 and w?
5
Suppose 3*c + c = 3*v - 5, v + 9 = 4*c. Suppose 0 = -3*q + 4*q - 1. Calculate the highest common divisor of q and v.
1
Let i(g) = 63*g - 1901. Let b be i(31). Calculate the greatest common divisor of b and 1963.
13
Suppose 42*g - 3*n = 38*g + 10857, -4*g = n - 10845. Calculate the greatest common factor of g and 24.
24
Suppose 1361 = -0*t + 4*t - o, 5*t = 2*o + 1702. Calculate the greatest common factor of t and 595.
85
Suppose 2077 = 66*v - 19373. Calculate the highest common factor of 5395 and v.
65
Let t = 44 + -45. Let l be (-12)/(-15)*(t + 61). What is the greatest common factor of l and 6?
6
Let d be (-1)/(-3) - ((-70)/15)/7. Let f be d/(1/70) - 0. Calculate the greatest common factor of f and 42.
14
Suppose -2*u - 5 = 7. Let s be u/(-8)*168/1. Suppose 3*b = -3*d + 72, -3*d + 33 + 87 = 11*b. Calculate the highest common factor of d and s.
18
Suppose 5*x = -5, 5*q - 355 = 2*x + 607. Suppose -5*k = -218 - q. Let a = -1232 + 1437. What is the greatest common factor of k and a?
41
Let q = -106 + 184. Suppose 378 = 6*y - q. What is the highest common factor of 4 and y?
4
Let c be 6/(-27) - 1/(9/(-218)). Let d = -21 + c. Suppose -d*z + 18 = 6*z. Calculate the greatest common factor of z and 6.
2
Suppose 0 = 5*l - 3*w + 26 - 131, -4